+ (269 - 260).
9
12 - 13 - (-2 + 4 + 1)
-4
What is the value of 9 - 2 - ((-2 - -7) + -8 + 0)?
10
What is the value of (-52 - -54 - (-2 - -3)) + 32?
33
(-3 - -1) + 14 - 8
4
What is the value of (8 - -4) + -1 - (4 + 1)?
6
What is the value of (-4 - (-4 - -13)) + (310 - 318)?
-21
Evaluate (33 - 65) + 36 + 2 + 6.
12
(3 - (-3 - (-7 + -3))) + 7
3
(-5 - ((5 - 6) + -7 + -6)) + -3
6
What is 10 - -32 - (-5 + -1 - -21)?
27
What is 8 + 3 + -3 + 11 + -13 + 4?
10
Evaluate 13 + (10 - 13 - 7).
3
Evaluate 288 - 290 - (1 + 3).
-6
Evaluate (6 - 2) + (3 - (1 + -5)).
11
Calculate 3 - 30 - -15 - (3 + -11).
-4
-36 + (15 - (14 + -11 + 6))
-30
What is the value of 3 - -1 - (16 + -9 - 8)?
5
Evaluate -8 - (-7 + (-1 - (-10 + 5))).
-5
Evaluate (382 - 365) + (0 - 24).
-7
What is the value of (18 - 13) + -2 - -1 - (-1 + -5)?
10
What is the value of -6 + (-5 - (-7 - 4)) + (-6 - -19)?
13
Calculate -36 + (18 - -9) + (-13 - -1).
-21
Evaluate (-21 - -9) + 33 + -23.
-2
What is the value of 1 - (-27 - (10 - ((-7 - -1) + 24)))?
20
What is 13 + -13 + (-34 - -15)?
-19
Evaluate -1 - (-9 - (-24 - -4 - -9)).
-3
What is the value of (4 + -1 - -2) + -49 + 64?
20
What is (-1 - 19) + -87 + 93?
-14
What is the value of -20 + -1 - -24 - (0 - 21 - 3)?
27
11 - -17 - (-2 + 5)
25
What is -1 + 12 + -19 + 12?
4
7 - -5 - (-167 - -185)
-6
Evaluate -334 + 373 - (56 + -5).
-12
-1 + (-1 - (9 + -16 + -2))
7
Calculate (1 + -3 - -2) + 11 + -10 + -7.
-6
What is (4 - 17) + (-2 + -7 - -1)?
-21
Evaluate -86 - -81 - ((3 - (3 + 1)) + 25).
-29
Calculate 11 + -5 + (2 - 10) - (4 + 16).
-22
Evaluate -1 - 39 - (-6 - (11 - 2)).
-25
5 + 2 - (-18 + 10)
15
3 - (8 + 0) - (1 + (10 - 6))
-10
Calculate 18 + 19 - (15 - -1).
21
What is -2 - (-19 + 10 + 1 - -31)?
-25
What is the value of 3 - -10 - (-36 + 52 + -26)?
23
Evaluate -5 + 3 - (-2 - (-10 - -7)) - -1.
-2
Calculate (2 - (7 + 4)) + 0.
-9
What is the value of -10 - (2 + -16 + 16 + -10)?
-2
What is -7 + 0 - (-13 - -13 - (-17 + 8))?
-16
Calculate -5 + 0 + 12 - 3.
4
What is the value of (-12 - -4) + 2 - (-12 + -4 + 3)?
7
What is (-12 - -15) + (4 - 1) + (-2 - 0)?
4
What is 0 - 11 - (-9 + 25 + -16)?
-11
Calculate -2 + 16 + 77 + -74 + -3.
14
(11 - (33 - 14)) + -1 + -3
-12
Calculate (-8 - (2 + -1)) + (84 - 62).
13
What is the value of (-2 - ((6 - 7) + -7)) + -8?
-2
What is -10 + (1 - (-4 + -9)) - 11?
-7
What is -5 + 14 + -9 + (-4 - -16)?
12
11 + (1 - 5) + 61 + -61
7
What is the value of -7 + (1 - 15) + (15 - 9)?
-15
What is the value of (37 + -24 - 13) + -13?
-13
What is the value of 1 + 32 + -1399 + 1387?
21
-26 + 22 + 9 + -28
-23
What is -23 + 26 + (15 - 0)?
18
Calculate -636 + 634 + (0 - -2 - 0).
0
What is the value of (-13 - 6) + 14 + -2?
-7
What is (48 - 47) + (15 - (0 - 4))?
20
What is -1 - 1 - 11 - -20?
7
Calculate (-186 - -207) + -17 + -1.
3
Calculate -23 - -46 - (11 + -2).
14
Evaluate -15 + 42 - 25 - (-2 + 9).
-5
What is (-5 - -1) + -2 + 7 + -5 - -15?
11
What is 14 + (-15 - 9) + -4 + 1?
-13
Calculate (0 - 46) + 29 + (-3 - -4) + -2.
-18
What is the value of 27 + 6 + -28 + -3 + (1 - 2)?
1
Calculate (-2 - (-11 - (-5 + 4))) + (5 - 6).
7
What is the value of 13 - (3 - (-18 + 25))?
17
What is 0 + -15 - (112 - 125)?
-2
Calculate 11 + -10 + 18 + -11.
8
-15 + 12 + -12 + 5 - (-1 - -23)
-32
Calculate (14 - (-15 + (-11 - -31))) + 10.
19
What is -20 + -3 + -2 - (-3 - (19 + -19))?
-22
What is (5 - 7) + 11 + (3 - 4)?
8
Calculate -4 - ((-6 - -3) + 9 - 3).
-7
What is -6 + (7 - (7 + (-1 - -3))) + 25?
17
What is the value of -10 + (3 - 2 - (3 - (-8 + 3)))?
-17
Calculate (-16 - (-12 + 20)) + -3 + 9.
-18
What is 21 + -31 + 15 - 8?
-3
What is -8 + (-14 - -19 - -15)?
12
2 - (15 + -20) - (0 + -3)
10
What is 18 + (1 + 9 - -3) + -11?
20
17 + 0 + -1 + (3 - 12) - 1
6
What is the value of -17 - -2 - (93 - 109)?
1
What is 0 - (-5 - 2) - ((-1 - 6) + -1)?
15
What is the value of (3 - 1) + (1 - -30) + (-2440 - -2433)?
26
-20 + 15 - -20 - 14
1
What is the value of 0 - (-4 + 1) - (10 + (-18 - -4))?
7
Calculate (-1173 - -1177) + ((-1 - -1) + 2 - 0).
6
15 + 1 - (-94 - -107)
3
What is -5 + (-20 - -12 - -9)?
-4
What is the value of (4 - -3) + 0 + -8 + 48 + -42?
5
What is the value of (-1 - (-23 - (-5 - -2))) + (-1 - -1)?
19
Calculate 12 + -3 + (-41 - -38) - (-1 - -23).
-16
Calculate -3 + 5 - 5 - (-55 + 63).
-11
Calculate 10 + -5 + 6 + -3 - (-5 + 6).
7
-5 + 9 + -4 + 26 + -20
6
Calculate 1 + -1 - (87 - 78).
-9
3 + 74 + -19 + -42
16
-10 + (-9 - -48) + -56
-27
What is -4 - (7 - 3 - 4) - 3?
-7
What is the value of -37 + 16 - (6 - 15)?
-12
Evaluate (-9 - (2 + 19)) + 21.
-9
What is the value of (-10 - (-5 + 2)) + 17 + 0?
10
What is the value of 3 + -13 + 20 + (1 - (2 - 1))?
10
What is 0 + -11 + -10 - -40?
19
Evaluate -14 + (0 - 8 - (-96 + 78)).
-4
Evaluate -40 + 34 + (-9 - -18).
3
Evaluate 1 - 5 - -1 - (202 - 91 - 101).
-13
What is 15 + ((-4 - -2) + 6 - 8) + 2?
13
Evaluate -1 + -5 + 3 + -28 + 25 - -2.
-4
What is 55 + -49 + (-1 - (-1 - 10 - 5))?
21
Calculate -7 + -5 + 5 + 17.
10
What is 19 + 14 + (-13 - -2) + 5 + 1?
28
Calculate -1 + 16 - (-220 + 242).
-7
What is 13 - (17 + 0 + 3)?
-7
-8 + (3 - -5) - (2 + (4 - 8))
2
Calculate 2 + (3 - 3) + (14 - 20).
-4
13 + (16 - 0) + -16
13
(531 - 512) + (1 - 2) + 3 + -5
16
What is the value of -11 - -7 - -12 - 8 - -7?
7
Evaluate -17 + 10 - 20 - 0.
-27
What is 8 + (23 - 32 - (0 - 19))?
18
Evaluate 15 + (0 - 30) + -2.
-17
Evaluate -1 - (6 + (4 - -2) + (6 - 11)).
-8
Evaluate 1 + (-20 - -34 - 4).
11
Evaluate 13 + 37 + -37 - 46.
-33
Calculate 9 + -25 + 17 - 1 - (5 - 1).
-4
-6 + 1 + (4 + (-2 - 1) - -1)
-3
Evaluate 12 + -11 + (-1 - -12) + 8.
20
What is the value of -21 - (-19 + 0 - -14)?
-16
1353 + -1368 + 3 + 1 + -1
-12
-19 + (-8 - -2 - -8) + 4
-13
Calculate 5 + -8 - (-14 - -2 - 1) - 21.
-11
What is the value of (-4 - (-28 + 11)) + -19?
-6
What is 1 + 12 + (7 - -5)?
25
What is -4 - (9 - (1 - -15)) - 15?
-12
Calculate 1 + -3 + -33 + (0 - -21).
-14
Calculate (-6 + 5 - (7 - 2)) + (5 - -8).
7
Evaluate (-8 - -22) + 23 - 26.
11
Evaluate (-802 - -806) + (2 - (1 - -11 - -1)).
-7
Evaluate 6 - (4 - -6) - (4 - 12).
4
Evaluate 4 - (0 + (3 - 1)) - 3 - 4.
-5
What is the value of -474 - -477 - (1 - 0)?
2
What is the value of -15 + (11 - (28 + -52))?
20
What is 7 + -1 + -11 - -10?
5
What is -21 + 21 + 5 - (-11 - 5)?
21
What is the value of 5 - ((-99 - -84) + (-2 - -49))?
-27
Evaluate 2288 - 2324 - (-41 - 1).
6
What is -7 + (19 - 7) + 0?
5
(1 - -2) + 28 + -18 + 16
29
What is the value of (23 + -31 - -17) + -16?
-7
What is ((0 - -4) + -5 - 5) + 3?
-3
Calculate 188 - 190 - (6 - 0).
-8
Calculate 1 - -1 - (-24 - -18 - -6).
2
What is the value of 0 + -23 - (16 - (-1 - (-6 - 10)))?
-24
What is 20 - (14 + 42 - (23 + -25))?
-38
Evaluate -1 + (-3 - 5) - (-2 - 25).
18
Calculate 5 + (-27 - (-9 + -34)).
21
7 + -9 - (2 + (3 - 3))
-4
4 + -14 + -7 + 6 + (-1 - -1)
-11
What is the value of (24 - 31) + 17 + (3 - (1 - 3))?
15
What is -1 + (8 - 1) + (-5 - -1)?
2
What is -23 + (0 - 3 - -6) - (-11 - -4)?
-13
(0 - 3) + -4 - (32 - 33)
-6
Calculate -13 - (-6 - -2) - (35 - 58).
14
Calculate 18 + -2 + 1 + -338 + 337.
16
What is (1 - 1) + -10 + (-9 - -4 - 1)?
-16
What is -12 + (2 + (2 - 2) - (-48 - -46))?
-8
What is the value of 4 - (-12 + 5 - (-1 + -5))?
5
Evaluate 7 - (17 - 6) - (0 + -1).
-3
(12 - (7 + 0) - 5) + 5
5
Calculate 1 + 2 - (0 - (2 - -3 - 2)).
6
What is -7 - (9 - (2 - (-6 + 2)))?
-10
What is the value of (4 - (-21 - -5)) + -9 + 5?
16
Calculate ((2 - 1) + -2 - -11) + (-574 - -576).
12
Calculate -19 + 15 - (4 - (5 - 9)).
-12
What is the value of (-4 + 11 - 3) + 1 - (-4 + 3)?
6
What is 15 - 6 - (10 + (-12 - (12 + -16)))?
7
Calculate -9 + 21 + (5 - (5 - (-4 + -3))).
5
What is the value of (10 - (7 + (8 - 10))) + -1 + 2?
6
Evaluate (1 + 0 + -3 - (6 - -2)) + 1.
-9
4 + (-1 - -1) - ((2 - 3) + -3)
8
What is the value of -13 - -3 - (-16 + 9 + -13)?
10
Evaluate 23 + (-18 - (-8 - -2)).
11
-22 + -21 + 43 + -23
-23
What is the value of -1 + (2 - -5) + (21 + -4 - 21)?
2
10 + 2 - (-23 + -6 + 29)
12
What is 0 - 11 - (-1323 - -1287)?
25
What is (2 + 3 - 3) + -6 - (8 - 10)?
-2
What is (1 - -14 - 11) + (6 - (1 + 1))?
8
-1 + 20 + -79 + 58
-2
What is -42 + 10 + (7 - -3) + (6 - 10)?
-26
Evaluate (-10 - (-24 + 6 + 7)) + 1 + 0.
2
Calculate 142 - 134 - (-1 + -2 + 2 + -4).
13
Evaluate (15 - (8 + 2)) + -7 + 6.
4
What is the value of -15 + 58